- (-45 - (-19 - -10)))
31
Evaluate -25 - (13 + -5 - 31).
-2
Calculate 7 + (-15 + 23 - (-5 - -4)).
16
Calculate 12 - (13 - (-34 - -11) - 1).
-23
What is the value of -1 - (37 + (6 - 62))?
18
What is (27 - -3) + -7 + -9?
14
Calculate -3 - (-7 - (-11 + 12)).
5
Evaluate 178 + -172 + 1 + -21.
-14
What is 2 + (10 - -2) + 211 + -227?
-2
Calculate 0 - 8 - (-173 - -160).
5
Evaluate -1 + (5 - 9) + -7.
-12
Evaluate (-16 - -1) + (311 - 293).
3
Calculate (-2 - 25) + (-445 - -475).
3
What is the value of 2 - (-4 - 3) - (8 + 16)?
-15
What is the value of -5 + (-4 - -13 - 10) + 16?
10
What is 1 + (-19 - (-15 - (11 + -19))) - 2?
-13
Calculate (9 - -1) + 99 + -109 + -2.
-2
(0 - -5) + (-31 - (-44 + 16))
2
What is (2 - -2) + 2 + 13 + (28 - 40)?
7
Calculate -27 + (-5 - (-7 - (-3 - -13))).
-15
What is the value of -9 + (-13 + 24 - 16)?
-14
Calculate -3 - 2 - (-7 + (7 - -8) + -3).
-10
What is the value of 5 + -13 + 10 + (8 - 12)?
-2
What is (-12 + -8 - (-6 + -1 + 5)) + 6?
-12
Calculate 0 + ((3 - -4) + -10 + 3 - -7).
7
Evaluate -24 - 1 - (97 - 108).
-14
What is the value of (-3 - 8) + (21 - -5)?
15
What is the value of 56 + (44 + -41 - 25)?
34
What is the value of 22 - (44 - (47 - 15))?
10
(-1 - -12) + (17 - 10 - 4)
14
What is 3 - (-3 + 1 + 0 + 2 + 14)?
-11
Evaluate -9 - -3 - (-3 - 14 - -21).
-10
What is the value of (1 - -15) + (69 - 93)?
-8
What is the value of 4 - ((8 - 44) + 14)?
26
What is -6 + -6 + 5 + (3 - 2)?
-6
What is -15 + 0 - (117 - 118) - (1 - 0)?
-15
Evaluate -15 + (9 + (-8 - (12 + -6)) - 0).
-20
-3 + (3 - (0 + -1 - 7)) + 9
17
What is the value of (-6 - -10) + -9 + 9 + -5 + -2?
-3
Evaluate -2 + -10 + (-21 + 3 + 35 - 13).
-8
Calculate 13 + (0 + (-1 - 8) - -5).
9
-5 + 8 + -25 - (14 - 20 - -8)
-24
Evaluate 125 + -110 - (-2 - 15).
32
-33 + -1 - -2 - (7 + -12 + -4)
-23
What is -5 + (-8 - -4) + (3 - (3 + -2))?
-7
5 - (25 - (-19 - -40))
1
Evaluate -5 - (12 - (-18 - -41)).
6
What is the value of (-31 - -12) + 2 - 12?
-29
Evaluate 1 + -1 + -13 - -4 - (-383 - -392).
-18
Calculate (0 - -6 - 1) + (-9 - -2) + -2.
-4
Calculate (13 - (37 - 15) - -26) + -1 + -6.
10
What is (0 - 0) + -5 + -2 + 166 + -147?
12
What is the value of -17 + 0 - (-43 + 2)?
24
Calculate -42 + 46 + (-3 - 3) - -8.
6
What is the value of 5 + -23 + 53 + -22?
13
What is the value of (-6 - -21) + -24 + -8?
-17
Evaluate -2 + (-26 - -53 - (-1 + 0)).
26
What is the value of -5 - ((-4 - -5) + -10)?
4
Calculate -1330 + 1369 + -2 + 2.
39
What is -15 + (10 - (2 + 3)) + -1 + -2?
-13
-6 + 1 - (33 + (-3 - -14 - 21))
-28
Calculate (398 - 391) + 3 + -12 + 0 + 3.
1
Calculate -1 + -8 + 199 + -191.
-1
Calculate 8 - (7 - -2 - -3).
-4
6 + -12 + 3 + -7
-10
What is the value of 8 - -1 - (55 - (-2 - -46))?
-2
Evaluate -37 + 8 - -42 - (-1 + -5 + 2).
17
Evaluate -7 + (-4 - -2) + 9 + -8.
-8
What is the value of -6 + 4 - (-45 - -49)?
-6
What is -6 + 2 + -149 + 141?
-12
(-4 + -7 - 2) + (1 - 7)
-19
-13 - (36 + -19 - 56)
26
What is (0 + 1 - (4 + -6)) + 1?
4
Calculate 6 + -3 + -1 + (3 - 4) + -2.
-1
Calculate (-7 - -1) + (26 - 16).
4
What is the value of -84 - -86 - (-3 - 10)?
15
What is -13 + 0 + (9 - -9) + 13?
18
Evaluate -6 + -13 + (-2 - -9) + 12 + 2.
2
What is the value of 0 + 8 - (-6 + 1 - (-5 - -2))?
10
What is the value of 20 - -1 - (733 + -720)?
8
What is the value of 19 - 13 - 20 - -11?
-3
What is the value of -25 + 1 - (-14 - (-11 - 7) - 7)?
-21
Calculate 0 - -11 - (13 + -7 - 13).
18
What is the value of -111 + 118 - (-1 - (3 + -10 + -1))?
0
5 + (3 - 1) - (2 + 4 - -16)
-15
Calculate 1 + -1 + 5 - (-12 - (-11 - 13)).
-7
What is the value of (40 - 21) + 1 + -20?
0
27 - 26 - (7 + 3) - -9
0
What is the value of 6 + (0 + 7 - 3) - -21?
31
What is the value of -2 + -1 + (9 - 8)?
-2
Evaluate 5 + 13 + 9 - 15.
12
What is the value of (8 - -1) + (19 - 17) + -18?
-7
(-2 - (-37 - -51 - (1 + 1))) + 3
-11
Calculate 21 + 1 + -38 + 7 + -1.
-10
(11 - 10) + -7 - (-2 + -4 + 2)
-2
What is the value of 15 + -14 + (5 + -1 - -7)?
12
What is (111 - 98) + -17 + 1?
-3
What is the value of (11 - 0 - 23) + (-1 - (-2 + -2))?
-9
What is the value of (-13 - 0) + 39 + 6 + -18?
14
What is 16 + -2 - (-8 - -11)?
11
Calculate 1 - (8 - (32 - 16)).
9
Calculate (-31 - (-9 - 5)) + 43 + 2.
28
What is 14 + -19 + 18 - 1?
12
Calculate 12 - (-2 + (4 - -4 - 3) + -4).
13
Calculate (-2 - -19) + -1 + -11 - -11.
16
0 + -3 + 10 - (-54 + 85)
-24
What is the value of -13 - (-2 - (13 + -18))?
-16
Evaluate -32 + 4 + (24 - 17) - -3.
-18
15 + (-16 - (-30 - -19)) - -14
24
Evaluate -7 - (-7 + (-5 - 2)).
7
What is (-34 - -26) + (0 + -1 - 6)?
-15
(-3 - (-6 - -10)) + (50 - 56)
-13
Calculate 2 - (-3 + -6) - 7 - (26 - 22).
0
Evaluate 121 + -109 - (1 - -15).
-4
What is (23 - -1) + (-21 - 7)?
-4
What is the value of -11 - (-3 + -3) - -10?
5
-5 + (10 - -2) + -10
-3
Calculate -10 - (16 - (-16 + 7 + 28)).
-7
What is 6 + -4 + -8 + (-1 - 2)?
-9
Evaluate -37 - (21 + -2 + -28).
-28
Calculate (-52 - -53) + -1 + (-2 - -2).
0
What is the value of -18 + (17 + -5 + 5 + -5 - 5)?
-11
-20 - -3 - -37 - (7 + 3)
10
-14 + (8 + -5 - -4)
-7
(-6 - 0) + 0 + (-4 - -14) + 12
16
18 + -2 + -11 + 11 + -1 + -2
13
Evaluate 1 - 2 - 1 - -23 - (145 - 137).
13
Calculate 4 + 24 + ((10 - 5) + -5 - 9).
19
What is the value of 10 + 16 + -18 - 10 - -16?
14
-9 - -6 - (8 + -4 + -1) - 5
-11
Evaluate (15 - 8) + (0 - -1) - 20.
-12
-18 + 22 + -3 + 14
15
What is the value of 26 + -18 + (5 - -10)?
23
What is 10 - (5 - 0 - 4)?
9
Calculate (-1 - -6) + (-3 + -6 - 4).
-8
What is (-16 + 22 - -6) + -11 + 1 + -7?
-5
What is the value of -13 + (10 - (8 + -18 + 18))?
-11
Calculate 1 + -7 - (3 + 7 + -15).
-1
Evaluate 2 - -1 - (-8 + 34 + -22).
-1
What is -50 + (19 - (-42 + 31))?
-20
What is (-21 - 5 - -16) + -5?
-15
14 + (-14 - (-25 + -2)) + -2
25
What is 11 + (-7 - 0) + 2 + -15 + -1?
-10
Evaluate -16 + (-5 - -18) + (-1 - -2).
-2
What is the value of 27 - (-14 + 13 + 17)?
11
What is the value of (-3 - -6) + -13 - ((-28 - -22) + -13)?
9
Calculate -31 - ((8 - 0) + -31).
-8
What is -65 + 9 + 25 + 8 + -2?
-25
(-10 - -1) + 3 + -4
-10
What is (66 + -18 - -8) + -31?
25
What is (-29 - -11) + 24 - (0 - -2)?
4
What is (12 + -30 - -6) + 3?
-9
What is -14 - 2 - (-11 - (-8 + 9))?
-4
-1 - (0 + 0) - (-57 - -67)
-11
-2 + 8 - (-22 + -4 + 23)
9
What is -1 + -10 + -1 + (-2 - (-1 - 1))?
-12
Evaluate (-18 - (-84 + 73)) + 1 + -17.
-23
What is the value of -19 - (-6 + -12) - -13?
12
What is -40 + (-13 - -21) - -2?
-30
Evaluate 0 + -10 + (1 + -1 - -6) + -1.
-5
What is the value of -4 + -6 + 5 + 0 + (-6 - -8)?
-3
What is the value of 3 + -7 + (15 + -6 - (0 - -1))?
4
Evaluate 13 - -3 - 7 - (20 - 3 - -2).
-10
Evaluate (-7 - -14) + -22 + 1.
-14
Evaluate -3 - (9 - (-16 - -29)).
1
Calculate 5 + -3 + 35 + -26.
11
-3 + (-17 - (-22 + 14)) + -5
-17
Calculate (-4 - -5) + -6 + (-1 - 0) + 3.
-3
Calculate 9 - -9 - 8 - 14.
-4
What is the value of -23 + -9 + 3 + 21?
-8
What is the value of -7 - (-2 + -3 + -8)?
6
Evaluate -2 + 5 + -16 + 24.
11
Calculate 2 + (8 - -4) + -5.
9
Evaluate -10 + 10 + 34 - 68.
-34
What is the value of -8 + (1 + 0 + 45 + -48 - 5)?
-15
What is (-1843 - -1814) + 0 + 7 + -2?
-24
Evaluate 5 + (-2 - 5) - ((-19 - 0) + -5).
22
-10 - (-5 - 9) - (6 + 1 - 0)
-3
Calculate (-6 - 38 - -43) + 1 + -27.
-27
17 + (4 + 4 - 14)
11
4 + -10 + 7 + 3 + -8
-4
Evaluate (19 - 33) + 5 - (3 + -10).
-2
Evaluate -6 + 49 + -18 + -18.
7
Evaluate 4 - (-22 + (3 - -35)).
-12
Evaluate 2 - -1 - (4 + (-13 - -5 - 5)).
12
What is -6 - (-1 + 9 + (-4 - 4) + 5)?
-11
What is the value of (15 - -1) + (-119 - -36) + 46?
-21
What is the value of 6 - ((-1 - -8) + 8 + -22)?
13
-9 - -15 - 6 - (1 + -12)
11
Calculate -21 + -20 + 35 + (-2 - 0).
-8
Evaluate 39 + -4 + -30 + (5 - -15).
25
28 - -6 - (5 + 17)
12
0 - 0 - (21 + (-29 - (-17 + -8)))
-17
What is -7 + -18 + (0 - 4) + 16?
-13
Evaluate -689 + 677 - (-11 + -1).
0
11 + (-24 - -41) + -13 + 2 + -10
7
(9 - (9 + -13)) + -11 - 13
-11
8 + (-4 - -1) - -1 - 3
3
Evaluate -4 + (-27 - -20) + 14.
3
What is the value of (41 + -46 - (-1 - -1)) + -2?
-7
What is the value of -1301 + 1256 - (0 - (14 + 2))?
-29
-15 + 28 + -3 + (-12 - -15)
13
Calculate (3 - (7 + 9) - -22) + (11 - 0).
20
What is (18 + -29 - -5) + -2 + -9 + 0?
-17
Evaluate -6 - (28 + -17 + -23).
6
Evaluate -289 - -293 - ((-1 - 4) + 2).
7
What is (-6 - (-6 + 19)) + (-7 - -3) + 13?
-10
Calculate 346 + -308 - 